 n(10).
6
Let c(r) = -r**3 - 4*r**2 + r - 4. What is c(-4)?
-8
Let n(t) = 2*t - 22. What is n(10)?
-2
Let a(z) = -z**3 + 5*z**2 - 3*z + 2. What is a(3)?
11
Let s(b) = -b + 11. Give s(12).
-1
Let s(y) = y**3 + 13*y**2 + 9*y - 14. Give s(-12).
22
Let q(d) = d**2 + 43*d + 199. Give q(-5).
9
Let p(x) = -x**2 - 9*x + 10. Give p(-10).
0
Let y(u) = 5*u**3 - u**2 - 4*u - 1. Give y(-2).
-37
Let c(d) = 2*d**2 + 33*d + 5. Calculate c(0).
5
Let h(r) = -r**3 - 9*r**2 - 13. Give h(-9).
-13
Let i(y) = -18*y**2 - 4*y - 2. Calculate i(-2).
-66
Let b(t) = -3*t**3 + 3*t**2 + 6*t + 9. Calculate b(4).
-111
Let j(u) = u**2 - 5*u - 300. Calculate j(20).
0
Let n(l) = 2*l**3 - 4*l**2 - 7*l + 5. Give n(4).
41
Let h(p) = 12*p - 90. Determine h(7).
-6
Let u(w) = w**3 + 4*w**2 - 8*w - 12. Give u(-5).
3
Let k(f) = f**2 + f - 13. What is k(0)?
-13
Let i(b) = b**3 + 13*b**2 - b - 2. Give i(-13).
11
Let u(x) = -2*x**2 - 15*x - 21. What is u(-4)?
7
Let b(k) = -k**2 + 25*k - 32. What is b(24)?
-8
Let a(d) = 49*d**3 + d**2 + d - 1. Determine a(1).
50
Let m(k) = -2*k**3 - 3*k**2 - 5*k - 3. Calculate m(-3).
39
Let y(k) = -11*k + 5. Determine y(4).
-39
Let p(q) = q**2 - 58*q + 8. Calculate p(58).
8
Let g(k) = k**3 + 17*k**2 + 15*k + 4. Give g(-16).
20
Let i(t) = 9*t + 65. What is i(-9)?
-16
Let c(r) = -3*r - 18. What is c(-8)?
6
Let z(s) = -20*s + 4. What is z(2)?
-36
Let m(u) = 2*u + 10. Calculate m(-3).
4
Let o(r) = r**3 - r**2 - 17*r + 9. Calculate o(4).
-11
Let m(j) = -2*j**3 + 18*j**2 - j - 13. Determine m(9).
-22
Let o(q) = 5*q**2 + q. Calculate o(1).
6
Let y(c) = -2*c**2 + 17*c + 16. Give y(9).
7
Let p(x) = x**3 - 14*x**2 + 15*x - 28. What is p(13)?
-2
Let a(s) = s**3 + s**2 - 1. Calculate a(1).
1
Let d(y) = -y**3 - 5*y**2 + y + 2. What is d(-6)?
32
Let s(u) = u**3 - 16*u**2 + 15*u. Determine s(15).
0
Let p(k) = 33*k - 834. What is p(25)?
-9
Let v(i) = -10*i - 6. What is v(4)?
-46
Let d(c) = -c**3 + 17*c**2 - 17*c + 8. Give d(16).
-8
Let i(z) = -3*z + 23. Give i(6).
5
Let f(u) = u**3 - 4*u**2 + 5*u - 6. Calculate f(4).
14
Let r(j) = -j**3 + 67*j**2 + 66*j + 134. Determine r(68).
-2
Let s(f) = 25*f - 175. Give s(6).
-25
Let f(b) = -b**2 - 13*b + 4. Determine f(-13).
4
Let x(w) = -2*w**3 + 6*w**2 + 34*w + 4. What is x(6)?
-8
Let s(h) = -20*h + 105. Calculate s(5).
5
Let v(t) = 7*t + 39. What is v(-6)?
-3
Let j(y) = 8*y + 17. Calculate j(9).
89
Let o(i) = -16*i - 1. Calculate o(-3).
47
Let i(h) = h - 5. Give i(8).
3
Let n(p) = -p**3 - 13*p**2 - 22*p - 2. What is n(-11)?
-2
Let a(j) = j**3 + 19*j**2 - 42*j + 28. Give a(-21).
28
Let w(y) = -y - 8. Give w(18).
-26
Let l(d) = -d**3 - d**2 + 4*d + 1. Determine l(-2).
-3
Let r(v) = 5*v**3 + v**2 - 12*v + 22. Calculate r(2).
42
Let m(f) = -3*f**2 + 18*f - 4. Determine m(6).
-4
Let m(t) = 9*t**3 - 2*t - 1. Give m(-1).
-8
Let y(u) = -u**3 + 13*u**2 - 44*u + 19. Give y(8).
-13
Let z(k) = k**3 - 3*k**2 - 4*k + 8. Give z(3).
-4
Let c(q) = q**3 + 11*q**2 - 11*q + 10. Give c(-12).
-2
Let v(z) = 3*z + 65. What is v(-22)?
-1
Let t(w) = -74*w - 2156. Calculate t(-29).
-10
Let c(a) = -2*a**2 - 18*a + 16. Determine c(-10).
-4
Let f(t) = 3*t**2 + 32*t + 1. Give f(-10).
-19
Let o(m) = 5*m - 23. Determine o(6).
7
Let x(z) = -11*z**2 + 209*z + 8. Calculate x(19).
8
Let v(d) = 2*d**2 + 10*d - 20. Give v(5).
80
Let g(l) = -l**3 - 14*l**2 + 13. Give g(-14).
13
Let v(c) = -c**3 + 8*c**2 + 10*c - 4. Calculate v(9).
5
Let l(h) = h**2 - 23*h + 12. What is l(23)?
12
Let a(m) = m**3 - 8*m**2 - 8*m + 7. Give a(9).
16
Let i(x) = -3*x - 1. Give i(-1).
2
Let y(n) = 3*n**3 - 3*n**2 + 2*n - 2. Give y(2).
14
Let h(l) = -l**3 - 4*l**2 - l + 2. What is h(-3)?
-4
Let j(k) = -k**2 - 7*k + 2. Calculate j(-9).
-16
Let a(g) = -g**3 - 7*g**2 + 2*g + 2. Calculate a(-3).
-40
Let h(v) = -2*v**2 - 8*v - 11. Determine h(-7).
-53
Let a(u) = -u**2 + 2*u - 4. What is a(4)?
-12
Let h(z) = z**2 + 2. Give h(3).
11
Let m(a) = -a - 26. Calculate m(0).
-26
Let f(v) = -v**3 - v - 15. Determine f(0).
-15
Let k(c) = -7*c + 27. Give k(3).
6
Let b(f) = 2*f**3 - f**2 - 8. Calculate b(0).
-8
Let y(m) = -m**3 - 6*m**2 - 4*m - 13. Determine y(-7).
64
Let x(r) = -r**3 + 18*r + 8. Calculate x(-4).
0
Let r(q) = -q**3 + 10*q**2 - 8*q - 6. Give r(9).
3
Let x(m) = m**2 + 3*m + 12. Calculate x(-5).
22
Let i(a) = -a**3 + 4*a**2 + 11*a + 3. What is i(6)?
-3
Let d(c) = -2*c**3 - 2*c**2 + 1. Calculate d(-2).
9
Let o(g) = -3*g - 15. What is o(-13)?
24
Let v(w) = -w**3 + 6*w**2 - 6*w + 11. Give v(5).
6
Let f(x) = x**2 + 10*x + 29. Calculate f(-10).
29
Let z(l) = 4*l + 31. Give z(-8).
-1
Let r(y) = y**3 - 4*y**2 - 4*y - 5. Determine r(7).
114
Let p(u) = -7*u. Determine p(-1).
7
Let i(w) = w**2 + 8*w + 11. Determine i(-6).
-1
Let x(k) = -k**2 - 5*k - 24. Give x(-11).
-90
Let p(v) = 3*v - 3. Calculate p(-6).
-21
Let m(h) = -h**3 - 10*h**2 - 18*h - 74. Determine m(-9).
7
Let j(b) = -13*b + 95. Give j(8).
-9
Let w(d) = d**3 - 4*d**2 - 2*d - 4. Give w(5).
11
Let a(k) = k**3 - k**2. Give a(-3).
-36
Let k(q) = -q + 14. Determine k(15).
-1
Let c(s) = 13*s - 89. Give c(6).
-11
Let c(w) = 11*w - 446. Calculate c(40).
-6
Let x(o) = 24*o - 74. What is x(9)?
142
Let r(z) = -z**3 + 5*z**2 - 3*z - 8. Determine r(4).
-4
Let f(w) = 16*w - 45. Give f(6).
51
Let h(d) = d**3 + d**2 - 3*d + 17. Determine h(0).
17
Let g(y) = -3*y - 2. Determine g(-2).
4
Let p(b) = b**3 - 5*b**2 - 4*b - 5. What is p(6)?
7
Let y(n) = n + 5. What is y(-7)?
-2
Let h(n) = -2*n**3 - 38*n**2 + 2*n + 24. What is h(-19)?
-14
Let m(u) = -3*u + 4. Determine m(2).
-2
Let n(i) = -i**2 - 12*i + 7. What is n(-13)?
-6
Let j(h) = 29*h - 189. Determine j(7).
14
Let t(p) = p**3 - 5*p**2 - 4*p + 21. What is t(5)?
1
Let y(l) = -4*l + 15. What is y(9)?
-21
Let p(w) = w**2 + 3*w - 8. Give p(-6).
10
Let w(s) = -12*s + 115. What is w(11)?
-17
Let k(t) = -t**3 + 17*t**2 - 16*t + 12. Calculate k(16).
12
Let l(p) = -4*p - 2. Give l(4).
-18
Let h(f) = f**3 - 22*f**2 + 20*f + 13. Give h(21).
-8
Let f(g) = -5*g - 86. Determine f(-9).
-41
Let k(b) = 4*b + 3. What is k(9)?
39
Let b(u) = -7*u + 14. Give b(5).
-21
Let b(k) = -k**3 - 9*k**2 - 5*k + 12. Give b(-8).
-12
Let s(v) = v**2 - v + 1. What is s(0)?
1
Let u(z) = z + 3. Give u(3).
6
Let d(u) = 68*u**2. Calculate d(-1).
68
Let v(g) = -2*g**3 + 172*g**2 - 168*g - 165. Determine v(85).
5
Let h(q) = -2*q**2 - 6*q - 14. What is h(-6)?
-50
Let c(a) = 2*a**2 + a - 18. What is c(-4)?
10
Let g(s) = s**3 - 5*s**2 - 4*s - 6. What is g(6)?
6
Let z(d) = 6*d**2 - 7. Give z(-3).
47
Let d(j) = j**2 - 10*j - 466. Give d(27).
-7
Let u(q) = 2*q + 10. Calculate u(-11).
-12
Let z(i) = -i**3 + 11*i**2 - 19*i - 15. Give z(8).
25
Let l(b) = 44*b + 53. Calculate l(-2).
-35
Let q(i) = 10*i - 105. Give q(13).
25
Let t(c) = -c**2 - 26*c + 256. Calculate t(8).
-16
Let x(g) = 6*g - 27. Determine x(7).
15
Let s(z) = z**3 + 8*z**2 + 6*z - 11. Determine s(-6).
25
Let s(f) = 12*f - 111. Determine s(9).
-3
Let k(c) = -15*c - 3. Calculate k(-2).
27
Let h(z) = -14*z + 77. Determine h(7).
-21
Let z(o) = o**3 + 7*o**2 - 5*o - 4. Calculate z(-8).
-28
Let t(b) = -b**2 - 17*b - 35. Calculate t(-15).
-5
Let v(j) = -20*j**2 - 4*j + 3. Give v(1).
-21
Let r(j) = j**3 - 2*j**2 + 3. What is r(2)?
3
Let p(r) = r**2 + 10*r - 6. Give p(-7).
-27
Let v(h) = -h**2 - 11*h + 19. Calculate v(6).
-83
Let t(n) = -5*n + 9. Give t(9).
-36
Let f(x) = -x**3 - 7*x**2 - 3*x - 24. Give f(-7).
-3
Let w(q) = -26*q**3 - q**2 + 1. Calculate w(1).
-26
Let g(y) = -6*y**2 - 4*y + 7. Determine g(3).
-59
Let z(y) = -23*y - 4. Calculate z(-2).
42
Let m(s) = 14*s**2 + s + 4. What is m(-1)?
17
Let a(l) = l**3 + 14*l**2 - 15*l - 3. Calculate a(-15).
-3
Let o(z) = 15*z**2 + 1. Give o(-1).
16
Let v(h) = -h**2 - 15*h + 32. Give v(-16).
16
Let j(v) = -v**3 + 5*v**2 + 3*v + 7. Calculate j(6).
-11
Let i(g) = 7*g**2 - 4*g + 4. What is i(2)?
24
Let t(r) = -r**2 - 21*r - 75. Determine t(-6).
15
Let c(t) = t**2 - 11*t + 3. What is c(8)?
-21
Let b(p) = 2*p**3 + 20*p**2 - 21*p + 22. Determine b(-11).
11
Let o(p) = -2*p**3 + 14*p**2 - 4. Determine o(2).
36
Let z(x) = -31*x + 4. Determine z(0).
4
Let p(f) = -12*f**3 - f**2 + f + 1. Calculate p(-1).
11
Let z(r) = -8*r - 27. Give z(-3).
-3
Let y(c) = -c**3 - 9*c**2 - 7*c - 29. Determine y(-9).
34
Let t(d) = d**2 + 3*d + 10. What is t(-5)?
20
Let g(l) = l**3 - 3*l**2